{"id":391,"date":"2021-01-27T14:54:29","date_gmt":"2021-01-27T14:54:29","guid":{"rendered":"http:\/\/alternativavecinalistaee.com.ar\/?page_id=391"},"modified":"2025-04-16T08:00:23","modified_gmt":"2025-04-16T11:00:23","slug":"democracia-participativa","status":"publish","type":"page","link":"https:\/\/alternativavecinalistaee.com.ar\/index.php\/democracia-participativa\/","title":{"rendered":"Democracia participativa"},"content":{"rendered":"<p>[et_pb_section fb_built=\u00bb1&#8243; _builder_version=\u00bb4.27.4&#8243; _module_preset=\u00bbdefault\u00bb background_enable_color=\u00bboff\u00bb background_enable_image=\u00bboff\u00bb background_size=\u00bbcontain\u00bb background_position=\u00bbbottom_right\u00bb custom_margin=\u00bb0px||||false|false\u00bb custom_padding=\u00bb0px||29px||false|\u00bb top_divider_height=\u00bb85px\u00bb global_colors_info=\u00bb{}\u00bb][et_pb_row _builder_version=\u00bb4.27.4&#8243; _module_preset=\u00bbdefault\u00bb custom_padding=\u00bb90px|||||\u00bb hover_enabled=\u00bb0&#8243; global_colors_info=\u00bb{}\u00bb width_last_edited=\u00bbon|phone\u00bb sticky_enabled=\u00bb0&#8243; width_phone=\u00bb95%\u00bb max_width_last_edited=\u00bbon|phone\u00bb max_width_phone=\u00bb100%\u00bb][et_pb_column type=\u00bb4_4&#8243; _builder_version=\u00bb4.16&#8243; _module_preset=\u00bbdefault\u00bb global_colors_info=\u00bb{}\u00bb][et_pb_text _builder_version=\u00bb4.27.4&#8243; _module_preset=\u00bbdefault\u00bb header_font=\u00bbPoppins|600||on|||||\u00bb header_text_color=\u00bb#FFFFFF\u00bb header_font_size=\u00bb35px\u00bb use_background_color_gradient=\u00bbon\u00bb background_color_gradient_direction=\u00bb90deg\u00bb background_color_gradient_stops=\u00bbgcid-63619e2d-d652-438b-acef-7cada3672d10 0%|rgba(237, 78, 67, 1) 30%|gcid-8d772e12-8e37-4771-89f8-bcd8150f78fa 100%\u00bb custom_margin=\u00bb||||false|false\u00bb custom_padding=\u00bb0.5vw||0.1vw|0px|false|false\u00bb hover_enabled=\u00bb0&#8243; border_radii=\u00bbon|50px|50px|50px|50px\u00bb global_colors_info=\u00bb{%22gcid-8d772e12-8e37-4771-89f8-bcd8150f78fa%22:%91%22background_color_gradient_stops%22%93,%22gcid-63619e2d-d652-438b-acef-7cada3672d10%22:%91%22background_color_gradient_stops%22%93}\u00bb header_font_size_last_edited=\u00bbon|phone\u00bb sticky_enabled=\u00bb0&#8243; header_font_size_phone=\u00bb22px\u00bb custom_padding_last_edited=\u00bbon|phone\u00bb custom_padding_phone=\u00bb3vw||0vw|0px|false|false\u00bb header_font_size_tablet=\u00bb35px\u00bb custom_padding_tablet=\u00bb0.5vw||0.1vw|0px|false|false\u00bb]<\/p>\n<h1 style=\"text-align: center;\">Los vecinos tambi\u00e9n deciden<\/h1>\n<p>[\/et_pb_text][\/et_pb_column][\/et_pb_row][\/et_pb_section][et_pb_section fb_built=\u00bb1&#8243; _builder_version=\u00bb4.27.4&#8243; _module_preset=\u00bbdefault\u00bb background_image=\u00bbhttps:\/\/alternativavecinalistaee.com.ar\/wp-content\/uploads\/2025\/04\/DEMOCRACIA-PARTICIPATIVA.png\u00bb background_size=\u00bbcontain\u00bb custom_padding=\u00bb24px||120px|||\u00bb hover_enabled=\u00bb0&#8243; global_colors_info=\u00bb{}\u00bb background_last_edited=\u00bbon|phone\u00bb sticky_enabled=\u00bb0&#8243; background_enable_image_phone=\u00bboff\u00bb][et_pb_row _builder_version=\u00bb4.16&#8243; _module_preset=\u00bbdefault\u00bb global_colors_info=\u00bb{}\u00bb][et_pb_column type=\u00bb4_4&#8243; _builder_version=\u00bb4.16&#8243; _module_preset=\u00bbdefault\u00bb global_colors_info=\u00bb{}\u00bb][et_pb_text _builder_version=\u00bb4.16&#8243; _module_preset=\u00bbdefault\u00bb text_font=\u00bbPoppins||||||||\u00bb text_text_color=\u00bbgcid-10bec4e7-dec4-438b-a821-f57384b1516e\u00bb text_font_size=\u00bb20px\u00bb text_line_height=\u00bb1.8em\u00bb header_font=\u00bbPoppins||||||||\u00bb global_colors_info=\u00bb{%22gcid-10bec4e7-dec4-438b-a821-f57384b1516e%22:%91%22text_text_color%22%93}\u00bb]<\/p>\n<p style=\"font-weight: 400;\">La sociedad actual se encuentra <strong>agobiada por la lentitud burocr\u00e1tica del Estado<\/strong>.<span>\u00a0<\/span>Es imprescindible pasar a un <strong>modelo de democracia abierta<\/strong> para entablar una constante <strong>conversaci\u00f3n con los ciudadanos<\/strong> y tomar decisiones basadas en sus necesidades.<\/p>\n<p style=\"font-weight: 400;\">Hay que <strong>facilitar la cooperaci\u00f3n<\/strong> regular, fluida y permanente entre los vecinos y los funcionarios.<\/p>\n<p style=\"font-weight: 400;\">Hoy muchos gobiernos locales est\u00e1n dise\u00f1ados bajo modelos jer\u00e1rquicos ineficientes. Es necesario reorganizar la administraci\u00f3n con un <strong>modelo de gesti\u00f3n en red<\/strong>, eficiente y moderno, <strong>orientado a proyectos y a resultados.<\/strong><\/p>\n<p>[\/et_pb_text][\/et_pb_column][\/et_pb_row][\/et_pb_section]<\/p>\n","protected":false},"excerpt":{"rendered":"<p>Los vecinos tambi\u00e9n decidenLa sociedad actual se encuentra agobiada por la lentitud burocr\u00e1tica del Estado.\u00a0Es imprescindible pasar a un modelo de democracia abierta para entablar una constante conversaci\u00f3n con los ciudadanos y tomar decisiones basadas en sus necesidades. Hay que facilitar la cooperaci\u00f3n regular, fluida y permanente entre los vecinos y los funcionarios. Hoy muchos [&hellip;]<\/p>\n","protected":false},"author":1,"featured_media":0,"parent":0,"menu_order":0,"comment_status":"closed","ping_status":"closed","template":"","meta":{"_et_pb_use_builder":"on","_et_pb_old_content":"<!-- wp:divi\/placeholder \/-->","_et_gb_content_width":"","footnotes":""},"class_list":["post-391","page","type-page","status-publish","hentry"],"yoast_head":"<!-- This site is optimized with the Yoast SEO plugin v27.3 - https:\/\/yoast.com\/product\/yoast-seo-wordpress\/ -->\n<title>Democracia participativa - Alternativa Vecinalista EE<\/title>\n<meta name=\"robots\" content=\"index, follow, max-snippet:-1, max-image-preview:large, max-video-preview:-1\" \/>\n<link rel=\"canonical\" href=\"https:\/\/alternativavecinalistaee.com.ar\/index.php\/democracia-participativa\/\" \/>\n<meta property=\"og:locale\" content=\"es_ES\" \/>\n<meta property=\"og:type\" content=\"article\" \/>\n<meta property=\"og:title\" content=\"Democracia participativa - Alternativa Vecinalista EE\" \/>\n<meta property=\"og:description\" content=\"Los vecinos tambi\u00e9n decidenLa sociedad actual se encuentra agobiada por la lentitud burocr\u00e1tica del Estado.\u00a0Es imprescindible pasar a un modelo de democracia abierta para entablar una constante conversaci\u00f3n con los ciudadanos y tomar decisiones basadas en sus necesidades. Hay que facilitar la cooperaci\u00f3n regular, fluida y permanente entre los vecinos y los funcionarios. Hoy muchos [&hellip;]\" \/>\n<meta property=\"og:url\" content=\"https:\/\/alternativavecinalistaee.com.ar\/index.php\/democracia-participativa\/\" \/>\n<meta property=\"og:site_name\" content=\"Alternativa Vecinalista EE\" \/>\n<meta property=\"article:publisher\" content=\"https:\/\/www.facebook.com\/alternativavecinalistaee\/\" \/>\n<meta property=\"article:modified_time\" content=\"2025-04-16T11:00:23+00:00\" \/>\n<meta name=\"twitter:card\" content=\"summary_large_image\" \/>\n<meta name=\"twitter:site\" content=\"@AVdeEcheverria\" \/>\n<meta name=\"twitter:label1\" content=\"Tiempo de lectura\" \/>\n\t<meta name=\"twitter:data1\" content=\"2 minutos\" \/>\n<script type=\"application\/ld+json\" class=\"yoast-schema-graph\">{\"@context\":\"https:\\\/\\\/schema.org\",\"@graph\":[{\"@type\":\"WebPage\",\"@id\":\"https:\\\/\\\/alternativavecinalistaee.com.ar\\\/index.php\\\/democracia-participativa\\\/\",\"url\":\"https:\\\/\\\/alternativavecinalistaee.com.ar\\\/index.php\\\/democracia-participativa\\\/\",\"name\":\"Democracia participativa - Alternativa Vecinalista EE\",\"isPartOf\":{\"@id\":\"https:\\\/\\\/alternativavecinalistaee.com.ar\\\/#website\"},\"datePublished\":\"2021-01-27T14:54:29+00:00\",\"dateModified\":\"2025-04-16T11:00:23+00:00\",\"breadcrumb\":{\"@id\":\"https:\\\/\\\/alternativavecinalistaee.com.ar\\\/index.php\\\/democracia-participativa\\\/#breadcrumb\"},\"inLanguage\":\"es\",\"potentialAction\":[{\"@type\":\"ReadAction\",\"target\":[\"https:\\\/\\\/alternativavecinalistaee.com.ar\\\/index.php\\\/democracia-participativa\\\/\"]}]},{\"@type\":\"BreadcrumbList\",\"@id\":\"https:\\\/\\\/alternativavecinalistaee.com.ar\\\/index.php\\\/democracia-participativa\\\/#breadcrumb\",\"itemListElement\":[{\"@type\":\"ListItem\",\"position\":1,\"name\":\"Portada\",\"item\":\"https:\\\/\\\/alternativavecinalistaee.com.ar\\\/\"},{\"@type\":\"ListItem\",\"position\":2,\"name\":\"Democracia participativa\"}]},{\"@type\":\"WebSite\",\"@id\":\"https:\\\/\\\/alternativavecinalistaee.com.ar\\\/#website\",\"url\":\"https:\\\/\\\/alternativavecinalistaee.com.ar\\\/\",\"name\":\"Alternativa Vecinalista EE\",\"description\":\"Esteban Echeverr\u00eda\",\"publisher\":{\"@id\":\"https:\\\/\\\/alternativavecinalistaee.com.ar\\\/#organization\"},\"potentialAction\":[{\"@type\":\"SearchAction\",\"target\":{\"@type\":\"EntryPoint\",\"urlTemplate\":\"https:\\\/\\\/alternativavecinalistaee.com.ar\\\/?s={search_term_string}\"},\"query-input\":{\"@type\":\"PropertyValueSpecification\",\"valueRequired\":true,\"valueName\":\"search_term_string\"}}],\"inLanguage\":\"es\"},{\"@type\":\"Organization\",\"@id\":\"https:\\\/\\\/alternativavecinalistaee.com.ar\\\/#organization\",\"name\":\"Alternativa Vecinalista EE\",\"url\":\"https:\\\/\\\/alternativavecinalistaee.com.ar\\\/\",\"logo\":{\"@type\":\"ImageObject\",\"inLanguage\":\"es\",\"@id\":\"https:\\\/\\\/alternativavecinalistaee.com.ar\\\/#\\\/schema\\\/logo\\\/image\\\/\",\"url\":\"https:\\\/\\\/alternativavecinalistaee.com.ar\\\/wp-content\\\/uploads\\\/2020\\\/12\\\/Alternativa-vecinalista-Esteban-Echeverria.png\",\"contentUrl\":\"https:\\\/\\\/alternativavecinalistaee.com.ar\\\/wp-content\\\/uploads\\\/2020\\\/12\\\/Alternativa-vecinalista-Esteban-Echeverria.png\",\"width\":5268,\"height\":1077,\"caption\":\"Alternativa Vecinalista EE\"},\"image\":{\"@id\":\"https:\\\/\\\/alternativavecinalistaee.com.ar\\\/#\\\/schema\\\/logo\\\/image\\\/\"},\"sameAs\":[\"https:\\\/\\\/www.facebook.com\\\/alternativavecinalistaee\\\/\",\"https:\\\/\\\/x.com\\\/AVdeEcheverria\",\"https:\\\/\\\/www.instagram.com\\\/alternativavecinalistaee\\\/\"]}]}<\/script>\n<!-- \/ Yoast SEO plugin. -->","yoast_head_json":{"title":"Democracia participativa - Alternativa Vecinalista EE","robots":{"index":"index","follow":"follow","max-snippet":"max-snippet:-1","max-image-preview":"max-image-preview:large","max-video-preview":"max-video-preview:-1"},"canonical":"https:\/\/alternativavecinalistaee.com.ar\/index.php\/democracia-participativa\/","og_locale":"es_ES","og_type":"article","og_title":"Democracia participativa - Alternativa Vecinalista EE","og_description":"Los vecinos tambi\u00e9n decidenLa sociedad actual se encuentra agobiada por la lentitud burocr\u00e1tica del Estado.\u00a0Es imprescindible pasar a un modelo de democracia abierta para entablar una constante conversaci\u00f3n con los ciudadanos y tomar decisiones basadas en sus necesidades. Hay que facilitar la cooperaci\u00f3n regular, fluida y permanente entre los vecinos y los funcionarios. Hoy muchos [&hellip;]","og_url":"https:\/\/alternativavecinalistaee.com.ar\/index.php\/democracia-participativa\/","og_site_name":"Alternativa Vecinalista EE","article_publisher":"https:\/\/www.facebook.com\/alternativavecinalistaee\/","article_modified_time":"2025-04-16T11:00:23+00:00","twitter_card":"summary_large_image","twitter_site":"@AVdeEcheverria","twitter_misc":{"Tiempo de lectura":"2 minutos"},"schema":{"@context":"https:\/\/schema.org","@graph":[{"@type":"WebPage","@id":"https:\/\/alternativavecinalistaee.com.ar\/index.php\/democracia-participativa\/","url":"https:\/\/alternativavecinalistaee.com.ar\/index.php\/democracia-participativa\/","name":"Democracia participativa - Alternativa Vecinalista EE","isPartOf":{"@id":"https:\/\/alternativavecinalistaee.com.ar\/#website"},"datePublished":"2021-01-27T14:54:29+00:00","dateModified":"2025-04-16T11:00:23+00:00","breadcrumb":{"@id":"https:\/\/alternativavecinalistaee.com.ar\/index.php\/democracia-participativa\/#breadcrumb"},"inLanguage":"es","potentialAction":[{"@type":"ReadAction","target":["https:\/\/alternativavecinalistaee.com.ar\/index.php\/democracia-participativa\/"]}]},{"@type":"BreadcrumbList","@id":"https:\/\/alternativavecinalistaee.com.ar\/index.php\/democracia-participativa\/#breadcrumb","itemListElement":[{"@type":"ListItem","position":1,"name":"Portada","item":"https:\/\/alternativavecinalistaee.com.ar\/"},{"@type":"ListItem","position":2,"name":"Democracia participativa"}]},{"@type":"WebSite","@id":"https:\/\/alternativavecinalistaee.com.ar\/#website","url":"https:\/\/alternativavecinalistaee.com.ar\/","name":"Alternativa Vecinalista EE","description":"Esteban Echeverr\u00eda","publisher":{"@id":"https:\/\/alternativavecinalistaee.com.ar\/#organization"},"potentialAction":[{"@type":"SearchAction","target":{"@type":"EntryPoint","urlTemplate":"https:\/\/alternativavecinalistaee.com.ar\/?s={search_term_string}"},"query-input":{"@type":"PropertyValueSpecification","valueRequired":true,"valueName":"search_term_string"}}],"inLanguage":"es"},{"@type":"Organization","@id":"https:\/\/alternativavecinalistaee.com.ar\/#organization","name":"Alternativa Vecinalista EE","url":"https:\/\/alternativavecinalistaee.com.ar\/","logo":{"@type":"ImageObject","inLanguage":"es","@id":"https:\/\/alternativavecinalistaee.com.ar\/#\/schema\/logo\/image\/","url":"https:\/\/alternativavecinalistaee.com.ar\/wp-content\/uploads\/2020\/12\/Alternativa-vecinalista-Esteban-Echeverria.png","contentUrl":"https:\/\/alternativavecinalistaee.com.ar\/wp-content\/uploads\/2020\/12\/Alternativa-vecinalista-Esteban-Echeverria.png","width":5268,"height":1077,"caption":"Alternativa Vecinalista EE"},"image":{"@id":"https:\/\/alternativavecinalistaee.com.ar\/#\/schema\/logo\/image\/"},"sameAs":["https:\/\/www.facebook.com\/alternativavecinalistaee\/","https:\/\/x.com\/AVdeEcheverria","https:\/\/www.instagram.com\/alternativavecinalistaee\/"]}]}},"_links":{"self":[{"href":"https:\/\/alternativavecinalistaee.com.ar\/index.php\/wp-json\/wp\/v2\/pages\/391","targetHints":{"allow":["GET"]}}],"collection":[{"href":"https:\/\/alternativavecinalistaee.com.ar\/index.php\/wp-json\/wp\/v2\/pages"}],"about":[{"href":"https:\/\/alternativavecinalistaee.com.ar\/index.php\/wp-json\/wp\/v2\/types\/page"}],"author":[{"embeddable":true,"href":"https:\/\/alternativavecinalistaee.com.ar\/index.php\/wp-json\/wp\/v2\/users\/1"}],"replies":[{"embeddable":true,"href":"https:\/\/alternativavecinalistaee.com.ar\/index.php\/wp-json\/wp\/v2\/comments?post=391"}],"version-history":[{"count":13,"href":"https:\/\/alternativavecinalistaee.com.ar\/index.php\/wp-json\/wp\/v2\/pages\/391\/revisions"}],"predecessor-version":[{"id":987508190,"href":"https:\/\/alternativavecinalistaee.com.ar\/index.php\/wp-json\/wp\/v2\/pages\/391\/revisions\/987508190"}],"wp:attachment":[{"href":"https:\/\/alternativavecinalistaee.com.ar\/index.php\/wp-json\/wp\/v2\/media?parent=391"}],"curies":[{"name":"wp","href":"https:\/\/api.w.org\/{rel}","templated":true}]}}